5082 is divided by 444.
430
What is the remainder when 102884 is divided by 36?
32
Calculate the remainder when 1777 is divided by 985.
792
What is the remainder when 299310 is divided by 1025?
10
Calculate the remainder when 97567 is divided by 60.
7
Calculate the remainder when 3787 is divided by 1259.
10
What is the remainder when 10454 is divided by 1488?
38
What is the remainder when 32266 is divided by 672?
10
Calculate the remainder when 19269 is divided by 643.
622
What is the remainder when 280380 is divided by 56064?
60
What is the remainder when 9146 is divided by 135?
101
What is the remainder when 4815 is divided by 76?
27
What is the remainder when 53377 is divided by 742?
695
What is the remainder when 10748 is divided by 596?
20
What is the remainder when 258 is divided by 103?
52
What is the remainder when 17421 is divided by 19?
17
What is the remainder when 2311 is divided by 43?
32
Calculate the remainder when 727 is divided by 6.
1
Calculate the remainder when 27603 is divided by 9198.
9
What is the remainder when 98320 is divided by 32766?
22
Calculate the remainder when 42332 is divided by 309.
308
Calculate the remainder when 139938 is divided by 212.
18
What is the remainder when 74010 is divided by 242?
200
What is the remainder when 109833 is divided by 71?
67
Calculate the remainder when 2733 is divided by 27.
6
What is the remainder when 1300 is divided by 1268?
32
What is the remainder when 35709 is divided by 279?
276
What is the remainder when 1966761 is divided by 1581?
1578
Calculate the remainder when 25648 is divided by 47.
33
What is the remainder when 391915 is divided by 690?
685
Calculate the remainder when 2662 is divided by 3.
1
What is the remainder when 1639773 is divided by 87?
84
What is the remainder when 183106 is divided by 33?
22
Calculate the remainder when 878733 is divided by 24.
21
Calculate the remainder when 147069 is divided by 147054.
15
What is the remainder when 53311 is divided by 11?
5
What is the remainder when 7669 is divided by 3625?
419
Calculate the remainder when 3412 is divided by 752.
404
What is the remainder when 60790 is divided by 37?
36
Calculate the remainder when 3958 is divided by 3680.
278
Calculate the remainder when 591612 is divided by 223.
216
What is the remainder when 37125 is divided by 470?
465
Calculate the remainder when 18938 is divided by 3150.
38
What is the remainder when 267808 is divided by 165?
13
Calculate the remainder when 33464 is divided by 240.
104
Calculate the remainder when 15869 is divided by 481.
477
What is the remainder when 152 is divided by 39?
35
What is the remainder when 14859502 is divided by 1062?
1060
What is the remainder when 412 is divided by 21?
13
Calculate the remainder when 171496 is divided by 19054.
10
What is the remainder when 216449 is divided by 69?
65
Calculate the remainder when 19597 is divided by 478.
477
Calculate the remainder when 2692 is divided by 531.
37
Calculate the remainder when 20863 is divided by 3461.
97
Calculate the remainder when 10779 is divided by 633.
18
What is the remainder when 54445 is divided by 1361?
5
What is the remainder when 40835 is divided by 216?
11
What is the remainder when 131677 is divided by 4247?
20
Calculate the remainder when 16040 is divided by 15985.
55
What is the remainder when 2680 is divided by 307?
224
What is the remainder when 1495 is divided by 85?
50
Calculate the remainder when 16594 is divided by 4129.
78
Calculate the remainder when 1211 is divided by 576.
59
Calculate the remainder when 453884 is divided by 15.
14
Calculate the remainder when 3407 is divided by 36.
23
Calculate the remainder when 7928 is divided by 3962.
4
Calculate the remainder when 48692 is divided by 12166.
28
What is the remainder when 5419 is divided by 1776?
91
Calculate the remainder when 1798 is divided by 181.
169
What is the remainder when 32847 is divided by 30?
27
What is the remainder when 9972 is divided by 11?
6
What is the remainder when 4702072 is divided by 299?
297
Calculate the remainder when 179681 is divided by 411.
74
What is the remainder when 15316 is divided by 44?
4
Calculate the remainder when 33163 is divided by 211.
36
Calculate the remainder when 1271 is divided by 692.
579
What is the remainder when 3509 is divided by 251?
246
What is the remainder when 14901 is divided by 7447?
7
What is the remainder when 2503 is divided by 12?
7
What is the remainder when 8358 is divided by 8299?
59
What is the remainder when 218 is divided by 29?
15
Calculate the remainder when 3335 is divided by 287.
178
What is the remainder when 8347 is divided by 2775?
22
Calculate the remainder when 2740 is divided by 1279.
182
Calculate the remainder when 57363 is divided by 36.
15
What is the remainder when 142669 is divided by 74?
71
What is the remainder when 343517 is divided by 38167?
14
Calculate the remainder when 8803 is divided by 550.
3
What is the remainder when 275127 is divided by 91?
34
Calculate the remainder when 2303 is divided by 153.
8
What is the remainder when 23856 is divided by 117?
105
Calculate the remainder when 302 is divided by 38.
36
What is the remainder when 2663 is divided by 169?
128
What is the remainder when 16108 is divided by 8005?
98
What is the remainder when 17421 is divided by 41?
37
Calculate the remainder when 5671 is divided by 461.
139
What is the remainder when 8944 is divided by 107?
63
Calculate the remainder when 5613 is divided by 1848.
69
What is the remainder when 21018 is divided by 334?
310
Calculate the remainder when 54632 is divided by 108.
92
What is the remainder when 5665 is divided by 113?
15
What is the remainder when 94751 is divided by 84?
83
Calculate the remainder when 55664 is divided by 11132.
4
What is the remainder when 51057 is divided by 242?
237
What is the remainder when 23994 is divided by 428?
26
What is the remainder when 2420 is divided by 44?
0
Calculate the remainder when 226811 is divided by 32388.
95
Calculate the remainder when 19909 is divided by 466.
337
Calculate the remainder when 1557 is divided by 1478.
79
What is the remainder when 11370 is divided by 43?
18
What is the remainder when 1817 is divided by 59?
47
What is the remainder when 6666 is divided by 71?
63
Calculate the remainder when 786 is divided by 156.
6
What is the remainder when 19111 is divided by 734?
27
What is the remainder when 42056 is divided by 637?
14
Calculate the remainder when 1682 is divided by 68.
50
Calculate the remainder when 428038 is divided by 226.
220
Calculate the remainder when 7739 is divided by 41.
31
What is the remainder when 77383 is divided by 15476?
3
What is the remainder when 4373 is divided by 628?
605
Calculate the remainder when 7000 is divided by 1761.
1717
Calculate the remainder when 76948 is divided by 65.
53
What is the remainder when 2074 is divided by 442?
306
What is the remainder when 101213 is divided by 2529?
53
What is the remainder when 1890 is divided by 486?
432
Calculate the remainder when 2821 is divided by 281.
11
Calculate the remainder when 3240 is divided by 1047.
99
What is the remainder when 3294 is divided by 44?
38
Calculate the remainder when 88449 is divided by 38.
23
Calculate the remainder when 277083 is divided by 138541.
1
What is the remainder when 101430 is divided by 248?
246
Calculate the remainder when 26317 is divided by 56.
53
What is the remainder when 4772 is divided by 683?
674
What is the remainder when 27980 is divided by 250?
230
Calculate the remainder when 3586 is divided by 199.
4
Calculate the remainder when 10709 is divided by 1505.
174
What is the remainder when 72426 is divided by 561?
57
What is the remainder when 70669 is divided by 77?
60
What is the remainder when 549141 is divided by 72?
69
Calculate the remainder when 528950 is divided by 1781.
1774
What is the remainder when 248950 is divided by 242?
174
Calculate the remainder when 128649 is divided by 688.
681
What is the remainder when 6426 is divided by 4?
2
What is the remainder when 26130 is divided by 2375?
5
Calculate the remainder when 30502 is divided by 6099.
7
What is the remainder when 1331 is divided by 149?
139
What is the remainder when 16259 is divided by 1639?
1508
Ca